of b and 4?
1
Let z(u) = -u**3 - 6*u**2 - 7*u - 1. Let b be z(-6). Suppose 2*k - b = -11. What is the highest common factor of 10 and k?
5
Let m = -17 + 20. What is the highest common factor of m and 1?
1
Let z = 72 + -66. Calculate the highest common divisor of 9 and z.
3
Let u be ((-127)/(1/1))/(-1). Let t = -61 + u. Calculate the highest common divisor of 44 and t.
22
Let b(w) = -8*w - 60. Let t be b(-15). What is the highest common factor of t and 24?
12
Suppose -3*l - k = -0*k - 127, l = k + 37. Suppose l + 14 = 5*m. Let c = m + -8. What is the highest common factor of 24 and c?
3
Let k(u) = u**3 + 7*u**2 + 4*u - 2. Suppose -10 + 34 = -4*t. Let z be k(t). Let l be 25*(24/5 + -2). What is the greatest common divisor of l and z?
10
Let i(c) = -24*c - 4. Let y be i(-2). Calculate the greatest common factor of y and 33.
11
Let c(o) = 8*o**2 + 4*o + 3. Let i be c(-1). Let d(u) = u**2 + 28. Let a be d(0). What is the greatest common divisor of a and i?
7
Let w(v) = -v**2 + 2*v + 4. Let o be w(3). What is the greatest common divisor of o and 16?
1
Let r = -65 - -119. Calculate the greatest common factor of r and 6.
6
Suppose 5*y + 5*j - 75 = 0, 0 = y - 2*j - 3 - 18. Let x(m) = 2*m + 57. Let a be x(-20). Calculate the highest common factor of a and y.
17
Let l = 20 - 8. Let q be -3*(-8*5 - -3). Suppose 0 = 4*f - q - 369. Calculate the highest common divisor of f and l.
12
Let u = 11 + -10. What is the highest common divisor of u and 7?
1
Suppose 3*h + 2*h = 2*v - 41, v - 19 = 2*h. Let s = -55 - -81. What is the highest common factor of s and v?
13
Let c(q) = 11*q - 5. Let i be c(2). What is the greatest common factor of 34 and i?
17
Let y be (1 - (-9)/(-6))*-14. Calculate the highest common divisor of 7 and y.
7
Suppose 0*u + u = -2*b + 114, 0 = 5*b + 4*u - 279. Let g = b - 24. Calculate the highest common divisor of g and 14.
7
Suppose 4*w - 4 = 0, -20 = -l - 3*w + 18. What is the greatest common factor of l and 7?
7
Suppose 0 = -2*z + z + 3. Suppose -z*a + 2*a + 69 = 0. Calculate the highest common divisor of a and 46.
23
Suppose -3*r = 4*n - 0*r - 19, -2*n - 2*r + 10 = 0. Let v(d) = 3 - 5*d - 3*d**2 + 3*d + 4*d**2. Let s be v(n). What is the greatest common factor of s and 1?
1
Let w be (0 + 9)*4/6. Let t be (-12)/(-8)*28/w. Let s be (81/(-36))/(1/(-28)). Calculate the highest common factor of s and t.
7
Let q(a) = 25*a**2 + 2*a + 1. Let t be q(-1). What is the highest common factor of 3 and t?
3
Let d be (-241)/10*-2 - (-8)/(-40). What is the greatest common factor of d and 528?
48
Let t(y) = -y**3 - 12*y**2 + 20*y - 13. Let q be t(-14). Calculate the highest common factor of 11 and q.
11
Let l be (-2)/10 + 58/(-10). Let x(c) = -5*c + 8. Let m be x(l). Suppose -4*g - 12 = -0*g, -m = -p - 2*g. What is the highest common divisor of p and 11?
11
Suppose -4*u - d - 37 - 11 = 0, -35 = 5*u - 5*d. Let f = -30 - u. Let z be -1*(f - (-1)/(-1)). Calculate the highest common divisor of z and 4.
4
Let z(i) = -i + 2. Let q be z(-4). Let k(v) = -5*v + 5. Let d be k(q). Let j = d + 101. Calculate the greatest common divisor of j and 19.
19
Let v(n) = -n**3 - 10*n**2 - 7*n - 30. Let s be v(-10). Let w = -4 + 12. What is the greatest common factor of w and s?
8
Let d(n) = -n. Let r be d(-2). Suppose -2*b = -l - 63, -b - 10 + 46 = -r*l. Let g be 12/((-6)/(-3) + -1). Calculate the highest common divisor of b and g.
6
Suppose 3*q - b = 486, 42 = q + 3*b - 120. Suppose 2*n - 4 + 0 = 0. Suppose -3 = -h, 7*h = u + n*h - 3. Calculate the greatest common divisor of q and u.
18
Let y be (-2)/(-1) + 87 - 1. Suppose 0 = -2*k + 6, -4*b + 2*k + 17 = -3*k. Calculate the highest common divisor of y and b.
8
Suppose n - 5*u = 110, 2*u + 2*u - 292 = -3*n. What is the highest common factor of 20 and n?
20
Let t(z) be the second derivative of 0*z**2 + 0*z**3 + z - 6/5*z**5 + 0*z**4 + 0. Let n be t(-1). Calculate the greatest common divisor of n and 6.
6
Let f be (-3)/(-3) + (1 - 2). Suppose b = -f*b + 10. What is the highest common divisor of 90 and b?
10
Suppose 2*h = 5 + 1. Suppose 3*w - 4*g = 29, 0 = h*w - 3*g - 7 - 23. Calculate the highest common factor of 55 and w.
11
Suppose -4*t + 14 = 2*i, 0*i + 20 = 2*i + 2*t. Let q = -8 + i. Let u be (q + -2 + -2)*35. What is the highest common factor of 5 and u?
5
Let t be (6/(-7))/(6/(-210)). Suppose -g + 40 = 3*g. What is the highest common factor of t and g?
10
Let n be (1/(-2))/((-3)/36). What is the greatest common factor of 18 and n?
6
Let n(u) = -3*u + 3*u**2 + 9 - 2*u**2 - u**3 - 3*u + 7*u**2. Let h be n(6). Calculate the highest common divisor of 15 and h.
15
Let w = -129 + 265. Calculate the greatest common factor of w and 34.
34
Let c(j) = -51*j**3 - 2*j - 3. Let b be c(-1). Suppose 4*n + 0*n = 100. What is the greatest common divisor of b and n?
25
Let l be (-113 - 2)*54/(-90). Calculate the highest common divisor of l and 46.
23
Let p be (2 - -2) + 0/1. Let m = -1 - -3. Let d be (2 - p) + (5 - m). What is the greatest common divisor of d and 2?
1
Let t be (-5)/(-2) - (-2)/(-4). Suppose -t*f = -6*f + 60. Calculate the highest common factor of 120 and f.
15
Let g(y) be the third derivative of y**5/20 + y**4/24 - y**2. Let j be g(3). Calculate the highest common divisor of 45 and j.
15
Let j(y) = y**3 + 8*y**2 + 2*y - 1. Let p be j(-3). Let g = -6 + -4. Let q = g + p. What is the highest common factor of q and 4?
4
Let s be (-1 + 3*1)/(56/224). Calculate the highest common factor of 64 and s.
8
Let t = -47 - -79. Suppose 2 + 8 = 5*m - 5*c, -m + 4*c + 2 = 0. Let j be ((-6)/m)/((-2)/32). Calculate the highest common divisor of t and j.
16
Let c(s) be the third derivative of s**5/30 + 5*s**4/24 + s**3/2 - 2*s**2. Let o = 17 + -20. Let v be c(o). Calculate the greatest common factor of v and 18.
6
Suppose -o - 5*y + 7 + 7 = 0, -4*o = y - 37. Let d(l) = 20*l + 3. Let i be d(3). What is the greatest common factor of o and i?
9
Suppose -4*f = -17*f + 312. What is the highest common factor of 168 and f?
24
Suppose 70 + 14 = 6*l. Calculate the highest common factor of l and 56.
14
Let i be (-4 + 26/6)*84. What is the greatest common divisor of 7 and i?
7
Let z = -3 + 11. Let a be z/(-44) - 48/(-22). Suppose -3*d + a*d = -11. Calculate the highest common factor of 1 and d.
1
Let r be -6 + 43 - (-2*1 - 0). Calculate the highest common divisor of r and 26.
13
Suppose 6 = 3*s, -3*s = 2*w - 0*w - 22. Calculate the highest common factor of w and 56.
8
Suppose 2*w = -y + 12, 4*w - 19 - 11 = -3*y. Suppose 6*o - 64 = -2*g + 5*o, 20 = 5*o. What is the greatest common factor of g and y?
6
Suppose -2*b - 12 = -122. Suppose -l - l + 5*u + 25 = 0, 5*l - 5*u = b. Let x = 24 - l. Calculate the highest common divisor of 7 and x.
7
Suppose -3*l = -4*c + 27, 0*c + 5*c - 3*l = 33. Calculate the highest common divisor of 18 and c.
6
Suppose 4*f - 84 = -a, -5*a + a + f + 387 = 0. What is the highest common factor of 24 and a?
24
Let i(v) = v**2 + 4*v - 2. Let g be i(-6). Let j = 25 - g. Let q be (-4)/(-8) + 418/4. Calculate the highest common divisor of j and q.
15
Suppose 2790 = 12*g + 678. What is the highest common factor of g and 16?
16
Suppose -4*a - 3*q = -143, -3*a + 137 = -2*q + 34. Suppose -6 = 10*i - 7*i. Let h be 1*i/(-4)*10. What is the highest common divisor of a and h?
5
Suppose -18 = -3*p - 4*t, -2*p - t = -7 - 0. Suppose -30 = -2*j + p. Let d be (2 + -1)/(1/32). What is the greatest common factor of d and j?
16
Let v = 15 - 11. Let r be 2/6*1*3. Calculate the greatest common factor of v and r.
1
Let r(l) = -5*l + 0 + 2 + l**2 - 2*l + 6. Let s be r(8). Calculate the highest common divisor of s and 2.
2
Let d be (1/(-3))/(14/(-294)). What is the highest common divisor of d and 2?
1
Let a(o) = -2*o + 12. Let p be a(-9). Let i = 62 - p. Calculate the highest common factor of i and 16.
16
Let h(n) = -n**3 - 4*n**2 + 25. Let b be h(-5). What is the highest common factor of 75 and b?
25
Let l be 58/7 - 2/7. Let o(w) = 2*w**2 + l*w + w**3 - 1 - 1 - 9*w**2. Let u be o(6). What is the greatest common factor of u and 110?
10
Suppose 0 = -2*d + 3*z - 6*z + 93, 0 = -3*d + 5*z + 111. Let l be d/8*(4 + 8). What is the highest common divisor of 9 and l?
9
Let s(f) = 2*f**2 + 2*f + 6. Let n be s(-4). Calculate the highest common divisor of n and 12.